3 - -15. Let y = a + h. What is the greatest common divisor of 50 and y?
10
Let z be (55 - 1) + (-8)/2. What is the greatest common factor of z and 100?
50
Let m(j) = -j**2 - 16*j + 4. Suppose 2*y = -2*y + 16, -2*s + 5*y = 50. Let x be m(s). What is the highest common factor of 57 and x?
19
Suppose -2*w + 5*v + 139 = 0, 5*w - 122 - 234 = 4*v. Let q be -1 + 2 + 8 + 0. What is the highest common divisor of q and w?
9
Suppose -4*o = 3*l - 3*o - 24, 5*o - 8 = l. What is the greatest common divisor of 189 and l?
7
Suppose 5*k - 2035 = -4*l + 449, -501 = -k - 5*l. Calculate the highest common factor of k and 16.
16
Suppose 19*v = 23*v - 352. Suppose 0*s = -s + 5*x + 18, 4*s - 40 = 4*x. Calculate the highest common divisor of s and v.
8
Let n(w) = w**3 + 13*w**2 - 16*w - 89. Let u be n(-12). What is the greatest common divisor of u and 26?
13
Let p be -5 - -14 - (-2472)/2. What is the highest common factor of 15 and p?
15
Let k be (1/(4/(-26)))/(59/(-2714)). Calculate the highest common divisor of k and 39.
13
Suppose 4*p = 3 + 1, 5*o + 5*p - 230 = 0. Suppose 5*a + 5 = o. Let c be (6 - (-16)/(-4))*36. What is the highest common divisor of a and c?
8
Suppose 44 = -i + 3*i + 2*p, 60 = 2*i - 2*p. Let d = 44 - i. What is the greatest common factor of 54 and d?
18
Suppose -843 = -4*s + 501. Let w(b) = -2*b**3 - 20*b**2 + 19*b + 9. Let d be w(-11). Calculate the highest common divisor of s and d.
42
Let f(t) = t**3 + 10*t**2 - 4*t + 10. Suppose 8*r + 14 = 6*r. Let h be f(r). Calculate the highest common divisor of h and 37.
37
Suppose -3*i + 10 = -17. Let z(j) be the first derivative of j**3/3 - 9*j**2/2 + 6*j + 5. Let v be z(9). What is the highest common divisor of i and v?
3
Let d be (-10)/(-15) - 160/15. Let q = d + 14. What is the greatest common factor of 16 and q?
4
Suppose 2*r - 32 = 5*i - 7, 5*r + 3*i = 16. Suppose -w - 68 = -r*j, -3*w = -9 + 3. Calculate the highest common factor of 14 and j.
14
Let r(c) = 7*c**3 + 2*c**2 - 2*c + 1. Let m be 3/5 - (-310)/25. Let v = -12 + m. Let x be r(v). Calculate the highest common factor of x and 4.
4
Suppose 4*b - 14 - 10 = 0. What is the highest common divisor of 54 and b?
6
Let u(c) = -5*c**3 + c**2 + 2*c + 1. Let g be u(-1). Suppose 4*w - g = -w. Let p be 10/(w + (-3)/(-3)). What is the highest common divisor of p and 25?
5
Let g = -106 + 242. Suppose 0 = -j + 4 - 2. Suppose -j*r = 2*r - g. Calculate the highest common factor of r and 374.
34
Let h = 9 - 9. Suppose -2*p - z - 12 = h, -4*p - 12 = -2*p + 3*z. Let w = p - -9. Calculate the greatest common divisor of 33 and w.
3
Suppose 32 = l - 28. Let b = -26 - -76. Suppose 3*t = b + 22. What is the highest common factor of t and l?
12
Suppose 0 = -460*u + 454*u + 60. What is the greatest common divisor of u and 24?
2
Let w = -1760 + 1784. Calculate the highest common divisor of w and 56.
8
Let o be (6/(-4))/(36/48). Let r(y) = 12*y**3 + y**2 + 3. Let m be r(o). Let z = m - -135. Calculate the greatest common factor of 23 and z.
23
Let i be 5 - ((-4)/8)/((-6)/(-228)). What is the greatest common divisor of 864 and i?
24
Let c be 46 + 500/85 + 18/153. Calculate the highest common factor of c and 16.
4
Let v = -47 + 37. Let o(m) = -2*m + 22. Let t be o(v). What is the greatest common factor of t and 21?
21
Let o(q) = -2*q**2 - 15*q - 16. Let k be o(-6). Suppose -2*j + 5*y = -6, -3 = -3*j + k*j - 2*y. Calculate the highest common divisor of j and 3.
3
Suppose y = 2*y - 2. Suppose 4 = y*l - 8. Suppose -5*z - 3*b + 138 = 0, b = 3*b + 8. Calculate the greatest common divisor of z and l.
6
Suppose 97*q = 4773 + 1435. Let d be 6/(-21) - 58/(-7). Calculate the highest common factor of d and q.
8
Let m(s) = -s**3 - 4*s**2 - 4*s + 7. Let r be m(5). Let j be (12/(-14))/(2/r). What is the highest common divisor of j and 6?
6
Suppose -2*o - 3*f + 5*f = 562, 3*f = 4*o + 1127. Let t = 471 + o. What is the greatest common factor of t and 17?
17
Let d = -19 + 32. Let c(i) = 198*i - 13 + d. Let a be c(1). What is the greatest common factor of 18 and a?
18
Let m be (0 - -3)*(6 + -5). Let o(n) = -33*n - 6. Let c be o(-1). Calculate the greatest common factor of c and m.
3
Let w be 1/8*-18*(-80)/6. What is the highest common factor of 12 and w?
6
Suppose 3*f - 4*f + 55 = 0. What is the highest common factor of f and 33?
11
Let r = -46 - -29. Let o(s) = -s**3 - 18*s**2 - 21*s - 3. Let l be o(r). Calculate the greatest common factor of 5 and l.
5
Suppose -9*i + 7*i + 10 = 0. Let a be (1 - 2 - i)*(-13)/3. What is the greatest common divisor of a and 286?
26
Let u(b) = -10*b + 2. Let t = -3 + 0. Let k be u(t). Let x(y) = y**2 + 3*y - 6. Let a be x(-5). What is the highest common divisor of a and k?
4
Let z = 827 - 809. What is the greatest common factor of z and 63?
9
Let u(a) = 369*a**3 + a**2 - 7*a + 5. Let g be u(1). What is the greatest common factor of g and 16?
16
Let o(w) = -36*w - 148. Let a be o(-6). What is the greatest common divisor of a and 4?
4
Suppose 3*h = -3*b + 50 + 46, -4*b + 122 = h. Let d(v) = -v**2 + 24*v + 31. Let f be d(22). What is the greatest common factor of b and f?
15
Suppose 5*d = 10, 3*f + d + 20 = 2*f. Let t = 42 + f. Let m(o) = -126*o + 1648. Let s be m(13). Calculate the highest common divisor of t and s.
10
Suppose -2*f = -2*c + 642, 3*c + 2*f = -2*f + 977. Calculate the highest common factor of c and 171.
19
Let c(n) = n**2 + 30*n + 164. Let m be c(-25). Calculate the greatest common divisor of m and 3.
3
Let j = 219 - -96. Calculate the greatest common divisor of j and 35.
35
Let f(m) be the first derivative of 15*m**4/4 - m**3 + 4*m - 33. Let u be f(2). Calculate the highest common divisor of 28 and u.
28
Let d(p) = p**3 + 9*p**2 + 15*p + 83. Let n be d(-8). Let f = 57 - 39. Calculate the greatest common factor of f and n.
9
Let h be -1 - -2 - (-15 + 2). Let p be -3 + 2 - (-1 - h). Suppose p = -2*b + 56. What is the greatest common divisor of 7 and b?
7
Suppose 150 = -33*s + 39*s. Suppose 16 = 5*n - 4*z, z + 6 - 2 = 4*n. Suppose -4*f + 176 + 624 = n. What is the highest common factor of s and f?
25
Let f(s) = -s**3 - 7*s**2 - 8*s - 7. Let z be f(-6). Let j = 148 + -138. Calculate the greatest common factor of j and z.
5
Let c = 151 - 116. What is the greatest common factor of c and 350?
35
Let n = -89 - -90. Calculate the greatest common factor of n and 123.
1
Suppose 0 = 253*r - 246*r - 17808. What is the highest common factor of r and 106?
106
Suppose -k + 4*b + 14 = 0, 30*b + 4 = -k + 28*b. Calculate the highest common factor of k and 432.
2
Let m = -30 + 90. What is the greatest common factor of m and 300?
60
Let l = -361 + 496. Calculate the greatest common divisor of 10 and l.
5
Let l = 247 + -167. Suppose -5*o - l = -10*o. Calculate the greatest common divisor of o and 64.
16
Suppose 16*v - 13*v = -k + 120, -5*k + 5*v + 600 = 0. Suppose 2*x + 0*x - 30 = 0. What is the highest common factor of k and x?
15
Let s be (-2)/8 + 56/(-32). Let o be -5*(s - -3 - 0). Let l be (-2)/o + (-296)/(-10). Calculate the highest common divisor of 75 and l.
15
Let g be 31311/426*(-48)/(-7). What is the greatest common factor of g and 48?
24
Let b = 135 - 91. Calculate the greatest common factor of 44 and b.
44
Suppose -3*a = 2*a - 15. Suppose 3*f + a*p = 54, 3*p + 6 = f - 0*p. Let s(k) = -5*k + 50. Let c be s(4). Calculate the highest common factor of c and f.
15
Let w(o) = 7*o + o + 7 - 3*o - 2. Let s be w(6). Let j = 41 - s. Calculate the highest common divisor of j and 66.
6
Let w be (-6)/10*(6 + -31). Let x(m) = m**3 + 5*m**2 + m + 5. Let z be x(-5). Suppose z = -7*k + 334 + 401. Calculate the greatest common divisor of w and k.
15
Suppose k - 10 - 12 = 5*r, -k - 14 = 4*r. What is the greatest common divisor of 5 and k?
1
Let n(a) = -a - 3. Let l be n(-3). Let i = l - -3. Suppose -4 = z + i*t - 40, z = 2*t + 31. Calculate the highest common factor of z and 11.
11
Let y(c) = c + 6. Let d be y(-9). Let g(s) = -18*s - 4. Let a be g(d). Suppose -22 - 68 = -9*o. Calculate the highest common factor of a and o.
10
Suppose -4*c - g - 3*g = -724, 5*g - 725 = -4*c. Suppose n + c = 6*n. What is the highest common factor of 54 and n?
18
Suppose -28*i - 36 = -120. What is the greatest common divisor of i and 3?
3
Let i be (-646)/(-4) - 15/10. Calculate the high